What is the units digit of q?
2
Suppose 3*i - 96 = -0*i. Suppose -i*y = -9*y - 2599. What is the hundreds digit of y?
1
Let h be 5 - (4*(-445)/(-2) - -5). Let m = h - -2144. What is the tens digit of m?
5
Let j(p) = p**3 - 6*p**2 + 7*p + 6. Let l be j(5). Let q = -16 + l. Suppose z - 3*m = 172, -2*z + z - m + 156 = q. What is the tens digit of z?
6
Let v(t) = t - 5. Suppose -29*j + 24 = -26*j. Let n be v(j). What is the units digit of ((-4)/6)/(n/(-99))?
2
Let m(o) = o**2 + 19*o - 44. Let w(z) = -z**3 - 4*z**2 + 7*z + 7. Let v be w(-4). Let p be m(v). Let y(f) = -32*f + 7. What is the units digit of y(p)?
1
Suppose -8*g - 6000 = -16*g. Suppose -5*l = 5*v - g, -l = 2*v - 19 - 133. What is the units digit of l?
8
Suppose 31 - 32 = g, 5*g = -4*o + 11231. What is the tens digit of o?
0
Let x = 3226 + 15453. What is the hundreds digit of x?
6
Let i(w) = 19*w**2 - w + 11. Let m be 50/12 + (-17)/102. What is the hundreds digit of i(m)?
3
Suppose 0 = 16*p + 172*p - 6917836. What is the units digit of p?
7
Suppose 13*v = 4*v - 13*v + 48620. What is the hundreds digit of v?
2
Suppose -q + 2 = 0, q - 11 - 6 = -3*g. Let d be ((-468)/65)/((-2)/g). What is the tens digit of (-2 + -10)/((-8)/(2208/d))?
8
Let w(p) = 2*p**3 + p**3 + 16 - p - 4*p**3 + 0*p**3 + 11*p**2. Let a be w(11). Suppose a*k + 0 - 5 = 0. What is the units digit of k?
1
Let t = -299 + 302. Suppose 5*v + t*j = 1952, -11*v + 1559 = -7*v + 5*j. What is the tens digit of v?
9
Let w = -66 + 78. Suppose -w*k = -459 + 1791. Let g = k - -263. What is the hundreds digit of g?
1
Let w be 2/(-3)*(-1 + -11). Let b(s) = 171*s + s**3 - 8*s**2 - 341*s + 175*s - 3. What is the tens digit of b(w)?
3
Let m = 1022 + -1516. Let l = -226 - m. What is the units digit of l?
8
Suppose b = -9*i + 55023, 2*i + 39974 = 4*b - 180080. What is the units digit of b?
4
Let j(q) = 19*q + 27. Let c(x) = x + 1. Suppose -2*n - 3 - 5 = 0, 0 = 2*g + 2*n + 6. Let d(o) = g*j(o) - 6*c(o). What is the units digit of d(5)?
6
Let p be (-1 - (4 - 2)) + (-42 - -46). What is the hundreds digit of 537/p - -2 - (-155)/31?
5
Suppose 3*l - l + 1 = 5*h, 3*l = -2*h + 8. Suppose -5*x - 3*v = 9, -5*x - 2*v - l*v = 12. Suppose x = b - 42 - 63. What is the units digit of b?
5
Let g be 9/(-54) + 4839/(-36)*2. Let v = g + 374. What is the tens digit of v?
0
Let r(j) = j**3 + 8*j**2 + 4*j + 7. Let p be r(-7). Let t(s) = 5*s + 2 - 5*s**2 + s**3 + 19*s**2 - p. What is the tens digit of t(-12)?
0
Suppose 0 = 79*w - 214*w + 723735. What is the tens digit of w?
6
What is the tens digit of 1 + 9111 + (3 - -10)?
2
Suppose -4*s - 3*t + 58 = -t, 2*s + 2*t - 24 = 0. Suppose -7*v = -s*v + 3050. What is the units digit of v?
5
Let w(c) = -64*c - 1. Let z(j) be the third derivative of j**4/24 - j**3/6 + 17*j**2. Let r be z(-2). What is the tens digit of w(r)?
9
Suppose 325 = 7*r - 6*r. Suppose r = 3*j - 74. Let t = -91 + j. What is the tens digit of t?
4
Let s(o) = 43*o - 370. Let i be s(10). Suppose -3*k + 79 = -206. Let j = k - i. What is the units digit of j?
5
Let s(m) = -24*m - 16. Let c be (-1)/(5/(-210)*-2). Let u be s(c). Suppose u = 2*t + 52. What is the units digit of t?
8
Suppose 1614 = -12*y + 7*y + 2*u, 2*u + 962 = -3*y. Let r = 1169 + y. What is the units digit of r?
7
Let q be (66/(-24))/11 - (-698)/8. Suppose 0 = 45*o - 48*o + q. Suppose 28*c = o*c - 48. What is the units digit of c?
8
What is the ten thousands digit of (-2 + 3)*(-146174)/(-14)?
1
Let o(r) = -4*r**2 + 4*r - 1. Suppose -5*b - 5*q + 35 = -0*b, b - 5*q = -23. Let p be o(b). What is the tens digit of (-4)/6 + ((-681)/p - 4)?
7
Let p = 66701 + -47051. What is the units digit of p?
0
What is the hundreds digit of 224984/5 - ((-1344)/(-70))/(-16)?
9
Let r(b) = b**3 + 60*b**2 + 110*b + 463. What is the thousands digit of r(-49)?
1
Suppose 81 = 3*o + 2*t, 4*t + 18 + 139 = 5*o. Suppose o*k = 35*k. What is the tens digit of -2 + (-685)/(-5 + k)?
3
Let d(q) = -1136*q - 825. What is the tens digit of d(-10)?
3
Suppose -2*c + 4*c + 3 = 3*x, -5*x + 25 = 0. Let m be (-12)/(-8)*36/2. What is the units digit of (12/54)/(c/m)?
1
Suppose 7*t = -63 + 168. What is the units digit of (3 - (-1809)/t)/(10/25)?
9
Suppose -3*s - d + 121902 = 0, -5*d = -19*s - 20445 + 792559. What is the units digit of s?
6
Suppose -92213 - 238385 = -20*j - 24838. What is the thousands digit of j?
5
Suppose 4*r - 7259 = 3*h - 56745, h + 2*r - 16512 = 0. What is the thousands digit of h?
6
Let u(w) = -4*w + 59. Let p be u(14). Suppose -31 - 320 = p*a. Let q = -85 - a. What is the units digit of q?
2
Suppose -3*y + 7*y - 368 = 0. Let s = 97 - y. Suppose 0 = 3*b + s*m - 117, -4*b - 6*m + 161 = -m. What is the units digit of b?
4
Let s(i) = 16*i**2 + 32*i + 34. Let v be s(-11). Suppose 1694 = 8*p - v. What is the hundreds digit of p?
4
What is the hundreds digit of 9*(-6)/72*-6*1236?
5
Suppose -5*g + 2573 + 1402 = 0. Suppose -30*c - g = -33*c. What is the tens digit of c?
6
Let n be ((-16)/4 - -6) + -2. What is the tens digit of 1 - -1*(131 - n)?
3
Suppose -5*k + 41 + 15 = 4*h, 0 = 5*h + 4*k - 70. Let m = 1514 - 1535. What is the units digit of ((-4)/h)/(3/m)?
2
What is the ten thousands digit of -7 + 2 - 7 - (-1 + -21214)?
2
Let f be ((-458)/(-8))/(4/48). Let i = -336 + f. What is the units digit of i?
1
Let s be 26/(-156) - (-397)/6. Suppose 0 = 38*t - 39*t + s. What is the tens digit of t?
6
Let d(b) be the third derivative of b**6/120 - 17*b**5/60 + 5*b**4/6 + 22*b**3/3 + 6*b**2 + b. What is the tens digit of d(16)?
0
Let n(d) be the second derivative of 7*d**4/8 + 7*d**3/3 - 5*d**2 - 8*d. Let f(w) be the first derivative of n(w). What is the units digit of f(4)?
8
Suppose -62836*y = -62855*y + 760304. What is the tens digit of y?
1
What is the tens digit of 4/(-54) - 32/(23328/(-17485119))?
8
Let i be 41468/(-21) + -8 + (-4)/(-6). Let q = 3306 + i. What is the hundreds digit of q?
3
Let a(j) = 174*j**3 + 6*j**2 + 54*j - 282. What is the ten thousands digit of a(7)?
6
Let p be 10/(-25) - 44891/35. Let x = -491 - p. What is the tens digit of x?
9
Let g = -4872 + 10207. What is the units digit of g?
5
Suppose 35882 = 27*b - 16*b. What is the hundreds digit of 20/(-24) + b/12?
2
What is the ten thousands digit of (943/4)/(31/6944)?
5
Suppose 2*p = -4*s + p + 94, -56 = -2*s - 5*p. Let t = 236 + s. What is the hundreds digit of t?
2
Let y = -843 + 906. What is the tens digit of (y/(-6))/(6/(-556))?
7
Let o(a) = 3502*a + 7770. What is the thousands digit of o(9)?
9
Suppose -50*c - 29471 = -538021. Suppose 12*n - c = 1925. What is the thousands digit of n?
1
What is the units digit of 140/(-168) - (-91091)/42?
8
What is the hundreds digit of 4 + (-11 - -4) + 5559?
5
Let b = -1286 + 3368. Suppose -3*o + 1561 = 4*s, -24*s + 19*s = 4*o - b. What is the tens digit of o?
2
Suppose 2*y = 8, 34*y = -2*h + 33*y + 48072. What is the tens digit of h?
3
Suppose 3*u = -99 - 234. Let f = 161 + u. What is the tens digit of f?
5
Let m be 15 - ((-6)/33 + (-18)/22). Suppose -17*l + 3 = -m*l. Suppose 285 + 291 = l*z. What is the tens digit of z?
9
Suppose 0 = -26*o + 54*o + 5096. What is the units digit of 11600/14 - 78/o?
9
Let j be (3/(-5))/((-1)/(-5))*-1. Suppose -4*p + 16 = l, 3*p - j = 2*p. Suppose c + 4*q - 330 = -c, -l*c - q + 646 = 0. What is the units digit of c?
1
Let s(x) = -x**2 - 13*x + 20. Let w be s(-15). Let v(p) = -p**2 - 22*p - 20. Let r be v(w). Let z = r + -51. What is the units digit of z?
9
Let p(g) = -5*g**2 + g. Let r be p(-2). Let w(x) = 12*x - 156. Let d be w(24). Let y = d + r. What is the units digit of y?
0
Let d(m) = -12*m - 29. Suppose 40 = -10*x + 6*x. What is the units digit of d(x)?
1
Suppose 0 = -5*g - j + 222, 15 = -5*j - 0. Let c = g + -40. Suppose -2*k - 189 = -3*z, c*k - 207 + 522 = 5*z. What is the tens digit of z?
6
Let y = 37498 - 24030. What is the ten thousands digit of y?
1
Let w(i) = -12*i - 12. Let r(h) = -h**2 - 12*h + 7. Let v be r(-13). Let k be w(v). What is the tens digit of (-4 + 2)/((-3)/k)?
4
Let s(k) = 324*k**2 - 106*k - 680. What is the ten thousands digit of s(-6)?
1
Let n = 27828 + -2105. What is the units digit of n?
3
Let m(k) = -4*k + 17. Let i be m(-4). Suppose 37*w - i*w = 20. Suppose 0*r - 3*r = -y - 161, 2*y = -w*r + 250. What is the units digit of r?
2
Let s = -2275 + 13314. Wh